 the units digit of d?
6
Let g = 700 - 423. Suppose 4*z = 4*h + 248, -74 = 4*z + 5*h - g. What is the tens digit of z?
5
Let a(f) = -f**2 + 5*f - 1. Let v be a(5). Let s be 1*((-1)/(-1) - v). What is the units digit of ((-5)/(5/s))/(-2)?
1
Suppose 5*y - 5*u = 3415, -y = -6*y - 5*u + 3405. What is the units digit of y/10 - 2/10?
8
Let x = 596 + -588. What is the units digit of x?
8
Let v(w) = 5*w + 12. Let t be v(4). Suppose -148 + t = -4*r. What is the tens digit of r?
2
Suppose -15831 = -13*l - 4677. What is the units digit of l?
8
Let x be ((-158)/(-4))/((-2)/4). Suppose 3*q + w + 81 = q, -2*q - 3*w - 83 = 0. Let b = q - x. What is the tens digit of b?
3
Let s = -12 - -54. Suppose -212 = 5*t - s. What is the units digit of (t/(-6))/(1/3)?
7
Let r(p) = 2 + 8*p + 4 - p**2 + 2. Let t be r(10). Let g(o) = -3*o + 16. What is the tens digit of g(t)?
5
Suppose -6*j = -8*j. Let f(i) = -i**3 + i**2 - 5. Let d be f(j). Let r = d + 18. What is the units digit of r?
3
Suppose 2*f = l + 31, -5*l - 3*f + f - 203 = 0. What is the tens digit of (78/(-4))/(l/52)?
2
Let b = -42 + 78. Let f = -29 + b. What is the units digit of f?
7
Suppose 5*h - 4*o + 95 - 310 = 0, 0 = 2*h - 2*o - 86. Suppose 8*r - 1235 = -h. What is the hundreds digit of r?
1
Let h(f) = 4*f - 19. Suppose -2*c = -2*d - 42, d + d = -4*c + 60. What is the units digit of h(c)?
9
Suppose 12*d = 31049 - 4793. What is the thousands digit of d?
2
Let v = -16 - -16. Suppose -39 = -v*k - k. What is the units digit of k?
9
Suppose -3*a + v = 5 - 4, -v + 1 = -4*a. Suppose -4*n + 108 = 3*l - a*n, 0 = -n + 3. What is the tens digit of l?
3
Let w(a) be the second derivative of a**5/60 - a**4/12 - 2*a**3 + 11*a**2/2 + 2*a. Let c(h) be the first derivative of w(h). What is the units digit of c(6)?
2
Suppose 4*g - 2*v = -7*v + 59, -2*v = 4*g - 50. Suppose -g*t - 6 = -12*t. What is the units digit of t?
6
Suppose 5*k + 417 = 1817. What is the units digit of k?
0
Let b(o) = o**3 + 6*o**2 - 6*o + 12. Let y be b(-7). Suppose 0 = -5*a + 3*p + 87 + 18, 65 = 5*a + y*p. What is the units digit of a?
8
Let z(j) = -j**3 - 2*j**2 + 5*j + 4. Let i be z(-3). Let k(y) = -5*y**3 - y**2 + 3*y + 3. Let m be k(i). What is the tens digit of (57/2)/(m/44)?
3
Let u = 31 - 29. Let d be (-5)/((u - 6)/4). Suppose -97 = -4*b - f, -2*b - d*f = 3*b - 110. What is the tens digit of b?
2
Let k(y) = -y**2 - 12*y - 15. Let v(l) = l**2 - 11*l + 8. Let n be v(9). Let f be k(n). Suppose -1 = f*h - 11. What is the units digit of h?
2
Let b(m) = -7*m**3 + 2*m**2 + 2. Let n(t) = 56*t**3 - 17*t**2 - 17. Let v(k) = 51*b(k) + 6*n(k). Let h be v(1). Let z = h - -61. What is the tens digit of z?
4
Let a(k) = 11*k**2 + k. What is the tens digit of a(-3)?
9
Suppose -5*g - 10 + 110 = 0. Let c be g/8 + 1/2. Suppose -112 = -5*k + 2*v, c*k - 4*v = 2*k + 8. What is the units digit of k?
4
Suppose 3*i - 26 = i. Let r = -60 + 55. Let u = i + r. What is the units digit of u?
8
Let m(a) = -a**3 + 6*a**2 + 13*a - 14. Let l be 150/(-24) + 12/(-16). Let r = l + 14. What is the units digit of m(r)?
8
Let n(z) = -82*z - 4. Let c be n(-7). Suppose -5*q + 11*q - c = 0. What is the tens digit of q?
9
Let x(g) = 2*g**2 + 24. Let k be x(0). Suppose 5*w - 107 = -2*d, -2*w + k = d - 30. What is the units digit of d?
6
What is the thousands digit of -3 + 8 - (4 - (-2 - -1477))?
1
Let n(s) = -3*s - 5. Let y(i) = 8*i + 15. Let x(c) = -11*n(c) - 4*y(c). Let u be x(5). Suppose 3*w - 84 + 9 = u. What is the tens digit of w?
2
Suppose -9*u - 18 = -6*u + 2*j, 4*j = 3*u. Let o be (-6 + u)/(0 - -1). Let f(c) = c + 17. What is the units digit of f(o)?
7
Let w = 494 + -22. What is the tens digit of w?
7
Suppose -5*l + 55 = 2*b - 0*b, b = 0. Suppose 0 = 4*i + 4*r - 8, 4*i = -0*i - r + l. What is the units digit of i?
3
Let l(p) = -6*p**2 - p - 4. Let h(v) = 11*v**2 + v + 9. Let q(m) = -2*h(m) - 5*l(m). What is the units digit of q(-2)?
8
Suppose -2*q = 5*f - 1224, -9*q + 3060 = -4*q - 5*f. What is the units digit of q?
2
Suppose -637 = -d - 3*r, -6*r + 2628 = 4*d - 10*r. What is the hundreds digit of d?
6
Suppose 264*l = 282*l - 34866. What is the hundreds digit of l?
9
Suppose -4*a + 2440 = -12*a. Let w = 604 + a. What is the units digit of w?
9
Suppose 2 = 2*f + 2*i, -19 = -5*f + 2*i + 21. Let n = 11 - f. Suppose r = -0*a - 2*a + 22, n*r = -a + 74. What is the units digit of r?
4
Let p be 24/84 + 33/7. Let z(b) = b**2 - 2*b**2 - p*b + 2*b**2. What is the tens digit of z(8)?
2
Suppose -3*a + 4*v + 7 = 0, -a - 4 = -3*a + 2*v. What is the units digit of a - 0 - (4 - 10)?
7
Suppose -5*m - z = -21, 3*m = -m + 5*z + 11. What is the tens digit of (-2639)/(-35) - m/10?
7
Suppose 0 = c - 2*c - 3. Let q = 7 + c. What is the units digit of q?
4
Let x(r) be the first derivative of r**3/3 - 6*r**2 + r - 1. Let z(p) = 2*p**2 - 23*p + 1. Let d(w) = -5*x(w) + 2*z(w). What is the tens digit of d(10)?
3
Suppose -8*a + 432 = -2*a. Suppose a*f = 68*f + 36. What is the units digit of f?
9
Suppose 6 = -3*n + 33. Let i(a) = a**2 + 11*a - 35. What is the hundreds digit of i(n)?
1
Let u be (-13 + 1)*80/(-24). Suppose 4*h - u = 5*k - 0*h, 0 = -2*k - 4*h + 12. What is the units digit of k/(-1*1/7)?
8
Suppose -k = 5*i - 6796, 0 = -4*i + 5*i - 3*k - 1372. What is the hundreds digit of i?
3
Let g be -84*(0 - (-1 + 3)). Suppose i - g = -i. What is the tens digit of i?
8
Let f be (-28)/6*-3 + 0. Suppose -f = -z - 2. What is the units digit of z?
2
Let a(s) = -s**2 - 6*s - 2. Let b be a(-4). Let l(j) = -5*j - 5. Let c be l(b). What is the units digit of (-813)/(-15) - (-7)/c?
4
Let b(f) be the second derivative of f**4/6 - 3*f**3/2 - 3*f**2/2 + 38*f. What is the units digit of b(11)?
0
Let y = -1047 - -2028. What is the tens digit of y?
8
Let b be 342/4 + 24/(-16). Let y = b - 47. What is the units digit of y?
7
Suppose 2*c - 23*c + 24948 = 0. What is the thousands digit of c?
1
Suppose -4*f + 9249 = 5*b, -3*b = 74*f - 71*f - 5550. What is the hundreds digit of b?
8
Let m(l) be the first derivative of -13/2*l**2 + 10/3*l**3 + 1/4*l**4 - 9*l - 1. What is the units digit of m(-11)?
3
Let i = -24 - -32. Let w be 1/8 - (-23)/8. Suppose -t + i = w. What is the units digit of t?
5
Let q = 30 - 23. Suppose q*s = -4*w + 2*s + 191, 4*s - 56 = -w. What is the units digit of w?
4
What is the tens digit of 938/1 + -15 + 15?
3
Let z be (-5)/(-10)*40/2. Suppose 5*d - z*d = -10. Suppose 33 = d*s - 17. What is the units digit of s?
5
Let z(k) = -79*k - 113. What is the thousands digit of z(-26)?
1
Let q = 928 - 308. What is the tens digit of q?
2
What is the hundreds digit of -9 - -16 - (-2 - 4043)?
0
Suppose 8 = 4*n, -5*v = -v - 3*n - 14. Let a = 7 - 4. Suppose v*y - 10 = a*y. What is the units digit of y?
5
Suppose 0 = -5*x - 18 - 7. Let f(j) = -2*j**3 - 5*j**2 + 4*j - 7. What is the units digit of f(x)?
8
Let q(n) = -8*n + 32. What is the units digit of q(-6)?
0
Let h be 19/(-2)*-2 - 1. Let d = -18 + h. Suppose d = -4*u - 45 + 125. What is the units digit of u?
0
Suppose -2*i = -5*v - 26, 2*v - 2 = 3*v. Let y be (6 + 0/1)*-1. Let b = i - y. What is the units digit of b?
4
Let b(c) = -2*c**3 - 10*c**2 - 4*c - 3. Let d(x) = -x**3 + x - 1. Let t(v) = b(v) - 3*d(v). Let n be t(11). Let y = 67 - n. What is the units digit of y?
3
Let k = 62 - 155. Let x be (-1)/38*2018 - 4/(-38). Let h = x - k. What is the units digit of h?
0
Let g(c) = c**3 - 6*c**2 - c + 6. Let o be g(6). Suppose -p - 5*i - 8 - 5 = o, -5*i = 5*p + 5. Let b = p - -5. What is the units digit of b?
7
Let g(p) = -p**3 + p**2 + p + 5. Let u = 36 + -39. What is the units digit of g(u)?
8
Suppose 0 = -5*a + a. Suppose -2*z + 5*n + 340 = a, -2*z + n = -262 - 70. Let o = -115 + z. What is the units digit of o?
0
Let c = -3789 - -5834. What is the thousands digit of c?
2
Suppose 2*u = 5*g + 503, -2*g + g + 241 = u. Let o = u + -155. What is the units digit of o?
9
Suppose -2*f + 63 = -3. What is the tens digit of 2 + f/(-18) + (-3385)/(-30)?
1
Suppose 0 = -4*k - 5*b + 3 - 29, -2*b - 16 = 3*k. Let r(n) = -n - 1. Let q(c) = c**2 + 14*c + 12. Let l(o) = -q(o) - 6*r(o). What is the tens digit of l(k)?
1
Let l be 24/(-56) - (-132)/14. Let g(k) = k**3 - 8*k**2 - 5*k - 13. Let a be g(l). What is the units digit of (11 - 12) + a*1?
2
Let v(d) = d**3 + 10*d**2 - 12*d + 9. Let c 